1*j - 68. Calculate l(-1).
303
Let b(t) = -t**3 + 35*t**2 - 62*t - 124. Determine b(33).
8
Let c(m) = 285*m + 4559. What is c(-16)?
-1
Let u(h) = h**3 - 29*h**2 - 71*h + 305. Calculate u(31).
26
Let k(i) = 15*i**2 - 11*i - 69. What is k(-2)?
13
Let i(h) = -h**3 - 58*h**2 - 54*h + 161. What is i(-57)?
-10
Let o(b) = 64*b - 7941. Give o(124).
-5
Let i(s) = 7*s**2 + 44*s - 290. Determine i(6).
226
Let t(d) = 9*d**2 - 5*d + 1. Determine t(-3).
97
Let i(z) = 2*z**2 + 34*z - 80. Determine i(-19).
-4
Let l(s) = -3*s**3 + 5*s**2 + 99*s + 230. Give l(-3).
59
Let h(o) = o**3 + 35*o**2 - 106*o - 3714. Give h(-35).
-4
Let g(q) = -112*q + 2621. Determine g(21).
269
Let w(x) = 39*x + 4081. Determine w(-104).
25
Let b(i) = i**2 - 34*i - 722. Calculate b(-15).
13
Let n(w) = -w**3 - 19*w**2 - 49*w + 27. Calculate n(-16).
43
Let w(t) = -1389*t + 56943. Calculate w(41).
-6
Let v(m) = m**2 + 15*m + 10. Calculate v(-14).
-4
Let p(u) = u**2 - 2594*u - 12987. What is p(-5)?
8
Let u(w) = w**3 - 5*w**2 - 27*w + 31. Calculate u(10).
261
Let f(v) = 468*v - 4215. What is f(9)?
-3
Let p(q) = -q**2 - 78*q + 10371. Give p(70).
11
Let c(r) = r**3 - 14*r**2 + 22*r - 50. Calculate c(11).
-171
Let x(n) = n**2 + 32*n - 304. Give x(-40).
16
Let v(h) = -h**2 + 34*h - 17. Give v(0).
-17
Let l(u) = 2*u**2 + 47*u - 82. Give l(-25).
-7
Let h(n) = 687*n - 19234. Give h(28).
2
Let c(o) = o**2 - 89*o - 5302. Determine c(130).
28
Let q(v) = -v**3 + 70*v**2 - 212*v + 38. What is q(3)?
5
Let v(i) = i**2 + 42*i + 372. Calculate v(-29).
-5
Let x(p) = -205*p - 1220. Determine x(-6).
10
Let r(d) = 3*d**2 + 17*d - 346. Give r(8).
-18
Let l(q) = q**3 + 132*q**2 - 129*q + 523. Determine l(-133).
-9
Let q(x) = -x**3 + 10*x + 9. What is q(-7)?
282
Let x(j) = -2*j**3 + 51*j**2 - 16*j - 71. Give x(25).
154
Let p(r) = -8247*r - 32981. Calculate p(-4).
7
Let p(k) = -1757*k - 26366. What is p(-15)?
-11
Let w(q) = -3*q**2 - 54*q - 84. Calculate w(-3).
51
Let k(n) = -n**3 + 6*n**2 - n + 1. Give k(1).
5
Let w(l) = -l**2 + 6*l - 9. Determine w(-3).
-36
Let n(t) = -t**2 - 513*t + 3134. Calculate n(6).
20
Let y(q) = -q - 48. What is y(-6)?
-42
Let l(a) = -a**2 + 6*a + 961. Give l(34).
9
Let x(p) = 585*p + 574. Give x(-1).
-11
Let c(z) = 10*z**2 - 272*z - 3724. Give c(-10).
-4
Let l(v) = -51*v + 188. What is l(12)?
-424
Let z(m) = -1068*m + 9622. Determine z(9).
10
Let b(i) = i**3 + 12*i**2 + 222*i + 2017. Calculate b(-10).
-3
Let v(s) = 107*s - 4061. Calculate v(38).
5
Let a(s) = 3445*s - 1. Give a(0).
-1
Let d(v) = v**3 + 9*v**2 + 2*v - 10. What is d(-9)?
-28
Let c(j) = 8*j**2 - 121*j - 28. Give c(13).
-249
Let o(h) = h**3 - 6*h**2 - 231*h + 1188. Determine o(5).
8
Let w(j) = 7*j**3 + 17*j**2 - 41*j - 86. Give w(-3).
1
Let w(j) = 15*j**3 + j**2 - 15*j + 10. Give w(0).
10
Let u(w) = 4*w**3 - 5*w**2 + w - 2. Calculate u(5).
378
Let k(l) = l**3 + l**2 + l - 269. Give k(0).
-269
Let i(q) = -q**3 + 13*q**2 + 39*q + 38. Calculate i(16).
-106
Let f(y) = -11*y - 211. Calculate f(-21).
20
Let k(m) = -201*m - 13679. Give k(-68).
-11
Let m(i) = i**3 + 16*i**2 - 6*i - 664. Calculate m(-12).
-16
Let q(x) = 24*x - 947. Calculate q(45).
133
Let a(w) = 523*w + 7316. Give a(-14).
-6
Let a(m) = -3*m**3 + 51*m**2 - 23*m - 92. Calculate a(17).
-483
Let t(z) = -18*z**2 - 60*z - 7. Calculate t(-5).
-157
Let j(c) = -2*c**2 + 112*c - 273. Determine j(57).
-387
Let j(k) = 3*k**3 - 76*k**2 + 183*k - 3964. Determine j(25).
-14
Let j(a) = -2*a**3 + 54*a**2 - 49*a - 128. What is j(26)?
-50
Let c(b) = 4*b**3 + 47*b**2 + 28*b - 83. Calculate c(-11).
-28
Let h(r) = 256*r - 6143. What is h(24)?
1
Let l(u) = 124*u - 747. Calculate l(6).
-3
Let o(s) = s**3 - 7*s**2 - 97*s - 204. Give o(-3).
-3
Let p(n) = -3*n**3 + 10*n**2 - 7*n + 63. What is p(5)?
-97
Let k(g) = 30*g - 1651. Calculate k(56).
29
Let s(u) = 14*u**2 - 354*u + 66. Give s(24).
-366
Let t(b) = 27*b - 501. What is t(18)?
-15
Let p(g) = g**3 - 13*g**2 + 35*g + 3. What is p(0)?
3
Let d(a) = -2*a**3 + 2*a**2 - 9*a + 4. Give d(-5).
349
Let a(j) = 3*j**3 + 6*j**2 - 3*j - 12. Calculate a(-4).
-96
Let t(b) = -b + 33. Determine t(1).
32
Let t(j) = 19*j**3 - 112*j**2 + 97*j - 67. What is t(5)?
-7
Let z(b) = 9*b - 36. What is z(4)?
0
Let o(c) = 86*c - 2939. Give o(34).
-15
Let d(w) = -3*w**2 - 20*w + 42. What is d(2)?
-10
Let i(x) = 215*x + 845. What is i(-3)?
200
Let z(t) = t**3 + 12*t**2 + 21*t + 70. Give z(-10).
60
Let j(a) = 10*a**2 - 30*a - 1. What is j(3)?
-1
Let c(n) = 2*n**2 - 114*n - 1503. What is c(68)?
-7
Let q(w) = w**2 + 9*w - 22680. Give q(146).
-50
Let y(m) = -m**2 + 10*m + 69. Give y(16).
-27
Let m(x) = -2*x**2 + 50*x - 249. Calculate m(17).
23
Let d(j) = j**2 + 8*j - 106. What is d(9)?
47
Let n(t) = -834*t + 2512. What is n(3)?
10
Let u(i) = i**3 - 59*i**2 - 252*i + 36. Calculate u(63).
36
Let v(j) = -53*j + 158. What is v(3)?
-1
Let n(p) = 246*p - 260. What is n(2)?
232
Let b(y) = y**2 + 84*y - 7331. Give b(53).
-70
Let t(r) = 2536*r + 15222. Calculate t(-6).
6
Let m(u) = u**2 - 75*u + 903. Give m(60).
3
Let x(d) = -47*d - 279. What is x(-5)?
-44
Let r(d) = -2*d**2 - 218*d - 5936. Calculate r(-55).
4
Let k(j) = 2*j**3 - 5*j**2 - 10*j - 26. Give k(-4).
-194
Let s(o) = -o**3 - 26*o**2 - 35. Determine s(-26).
-35
Let m(g) = g**3 - 152*g**2 - 781*g - 623. Calculate m(157).
5
Let i(h) = -4*h**2 + 41*h + 227. Calculate i(-5).
-78
Let m(w) = 9*w + 122. Determine m(-12).
14
Let f(q) = -q**3 - 5*q**2 + 19*q + 60. Calculate f(-3).
-15
Let h(v) = -31*v - 393. Calculate h(-7).
-176
Let t(f) = 6736*f + 20217. What is t(-3)?
9
Let p(a) = -860*a - 5163. Determine p(-6).
-3
Let a(y) = 8*y - 321. Calculate a(35).
-41
Let o(d) = 1504*d + 10563. What is o(-7)?
35
Let d(l) = 6*l + 92. Give d(-21).
-34
Let q(u) = -u**3 - 20*u**2 - 3*u - 82. Give q(-20).
-22
Let n(d) = -d**2 - 755*d - 2252. Determine n(-3).
4
Let q(f) = f**3 + 2*f**2 + 2*f. Determine q(-4).
-40
Let l(s) = -s**3 - 92*s**2 + 693*s + 7. Determine l(7).
7
Let u(w) = -w**2 + 562*w - 7631. Give u(14).
41
Let v(i) = 1213*i + 71584. What is v(-59)?
17
Let n(k) = 41*k - 1308. Determine n(32).
4
Let w(z) = -5*z + 126. Determine w(-9).
171
Let w(b) = -b**3 - b**2 + 109*b + 220. Calculate w(-2).
6
Let r(p) = p**3 - 19*p**2 + 140*p - 1793. Give r(17).
9
Let z(g) = -2*g**3 - 19*g**2 + 850*g + 7723. Determine z(-9).
-8
Let o(f) = -2*f**3 - 73*f**2 - 168*f + 71. What is o(-34)?
3
Let j(c) = 56*c + 1711. What is j(-31)?
-25
Let q(o) = -31*o + 78. Give q(3).
-15
Let b(n) = -2*n**2 + 26*n - 116. Calculate b(9).
-44
Let z(d) = -d**2 + 8*d - 1. Give z(0).
-1
Let s(q) = -q**3 - 11*q**2 + 5*q + 13. Calculate s(-9).
-194
Let l(i) = -911*i - 38269. Determine l(-42).
-7
Let x(z) = -49*z + 262. What is x(14)?
-424
Let o(w) = 3*w**3 + 20*w**2 + 17. Calculate o(-6).
89
Let x(u) = u**2 + 32*u + 136. Give x(-23).
-71
Let o(j) = j**2 + 38*j - 541. What is o(11)?
-2
Let t(l) = 160*l + 598. Determine t(-6).
-362
Let w(u) = 28*u**3 + 4*u**2 + 6*u + 6. Calculate w(-1).
-24
Let i(x) = -3*x + 45. Calculate i(4).
33
Let c(b) = -558*b - 14506. Determine c(-26).
2
Let q(j) = -10*j - 238. Calculate q(-37).
132
Let o(m) = 53*m - 4304. Calculate o(81).
-11
Let a(m) = m**3 + 5*m**2 - 333*m - 1342. Give a(-4).
6
Let i(r) = -66*r + 264. Calculate i(6).
-132
Let x(n) = -2*n**3 + 29*n**2 + 2*n - 38. Calculate x(0).
-38
Let v(t) = 1877*t - 3760. What is v(2)?
-6
Let l(g) = -6*g**2 + 108*g - 206. Give l(2).
-14
Let c(b) = -28*b**2 + 38*b - 14. Determine c(2).
-50
Let b(y) = -57*y**3 + y**2 - 11*y - 2. Calculate b(-3).
1579
Let f(x) = x**2 - 24*x - 891. Determine f(44).
-11
Let t(d) = d**3 - 14*d**2 - 911*d - 45. Determine t(38).
-7
Let x(g) = -g**3 + 305*g**2 + 610*g + 1228. Calculate x(307).
0
Let f(q) = -5*q**2 - 7*q + 48. Calculate f(5).
-112
Let q(x) = 5*x**2 - 18*x + 48. Calculate q(2).
32
Let q(u) = -u**3 - 9*u**2 - 39*u - 9. Give q(-4).
67
Let c(x) = x**3 - 91*x**2 + 268*x + 2. Determine c(3).
14
Let r(j) = -3405*j - 34052. What is r(-10)?
-2
Let a(b) = b**2 - 35*b + 90. Give a(33).
24
Let x(a) = -a**2 - 22*a + 193. Give x(-27).
58
Let x(r) = -144*r + 1152. Determine x(8).
0
Let t(l) = -3*l**2 - 180*l - 501. Determine t(-3).
12
Let g(t) = t**3 - 32*t**2 + 109*t - 590. Give g(29).
48
Let j(b) = -6*b + 25. Calculate j(2).
13
Let t(b) = -b**3 + 96*b**2 + 196*b - 4. Calcul